{"id":107,"date":"2016-06-30T11:34:08","date_gmt":"2016-06-30T10:34:08","guid":{"rendered":"https:\/\/www.cosmetologiaas.es\/as\/producto\/biomiscela-caspa-grasa\/"},"modified":"2026-04-25T13:00:22","modified_gmt":"2026-04-25T12:00:22","slug":"biomiscela-caspa-grasa","status":"publish","type":"product","link":"https:\/\/www.cosmetologiaas.es\/tienda\/producto\/biomiscela-caspa-grasa\/","title":{"rendered":"Biomiscela Caspa-Grasa"},"content":{"rendered":"","protected":false},"excerpt":{"rendered":"<p><span style=\"color: #000000\">Id\u00f3neo para la hipersecreci\u00f3n grasa acompa\u00f1ada de caspa.<\/span><\/p>\n<p><span style=\"color: #000000\">250 ml<\/span><\/p>\n<p><span style=\"color: #000000\">Tratamiento id\u00f3neo para tratar cueros cabelludos grasos acompa\u00f1ada de caspa(gruesa), enrojecidos y procesos inflamatorios de la epidermis. Estados seborreicos y dermatitis seborreicas.<\/span><\/p>\n<p><span style=\"color: #000000\"><span style=\"color: #000000\">Su formulaci\u00f3n evita los efectos \u00abrebote\u00bb.<\/span><\/span><\/p>\n","protected":false},"featured_media":105,"comment_status":"open","ping_status":"closed","template":"","meta":[],"product_brand":[],"product_cat":[86],"product_tag":[],"class_list":{"0":"post-107","1":"product","2":"type-product","3":"status-publish","4":"has-post-thumbnail","6":"product_cat-biomiscelas-champu","8":"first","9":"instock","10":"taxable","11":"shipping-taxable","12":"purchasable","13":"product-type-simple"},"_links":{"self":[{"href":"https:\/\/www.cosmetologiaas.es\/tienda\/wp-json\/wp\/v2\/product\/107","targetHints":{"allow":["GET"]}}],"collection":[{"href":"https:\/\/www.cosmetologiaas.es\/tienda\/wp-json\/wp\/v2\/product"}],"about":[{"href":"https:\/\/www.cosmetologiaas.es\/tienda\/wp-json\/wp\/v2\/types\/product"}],"replies":[{"embeddable":true,"href":"https:\/\/www.cosmetologiaas.es\/tienda\/wp-json\/wp\/v2\/comments?post=107"}],"wp:featuredmedia":[{"embeddable":true,"href":"https:\/\/www.cosmetologiaas.es\/tienda\/wp-json\/wp\/v2\/media\/105"}],"wp:attachment":[{"href":"https:\/\/www.cosmetologiaas.es\/tienda\/wp-json\/wp\/v2\/media?parent=107"}],"wp:term":[{"taxonomy":"product_brand","embeddable":true,"href":"https:\/\/www.cosmetologiaas.es\/tienda\/wp-json\/wp\/v2\/product_brand?post=107"},{"taxonomy":"product_cat","embeddable":true,"href":"https:\/\/www.cosmetologiaas.es\/tienda\/wp-json\/wp\/v2\/product_cat?post=107"},{"taxonomy":"product_tag","embeddable":true,"href":"https:\/\/www.cosmetologiaas.es\/tienda\/wp-json\/wp\/v2\/product_tag?post=107"}],"curies":[{"name":"wp","href":"https:\/\/api.w.org\/{rel}","templated":true}]}}