{"id":124,"date":"2016-07-02T16:17:04","date_gmt":"2016-07-02T15:17:04","guid":{"rendered":"https:\/\/www.cosmetologiaas.es\/as\/producto\/suero-activador-regenerante\/"},"modified":"2026-03-25T19:14:45","modified_gmt":"2026-03-25T18:14:45","slug":"suero-activador-regenerante","status":"publish","type":"product","link":"https:\/\/www.cosmetologiaas.es\/tienda\/producto\/suero-activador-regenerante\/","title":{"rendered":"SUERO ACTIVADOR REGENERANTE"},"content":{"rendered":"","protected":false},"excerpt":{"rendered":"<p>Producto indicado para frenar las ca\u00eddas producidas por una mala de nutrici\u00f3n capilar y ayudando a regenerar el cabello, en las zonas donde hay fol\u00edculo.<\/p>\n<p>Re\u00fane en un solo producto los componentes vitales capaces de regenerar cabello, all\u00ed donde hay vida.<br \/>\nMejora las condiciones generales del cuero cabelludo.<br \/>\nNormalizan las funciones celulares y desaparecen los trastornos funcionales, alargando as\u00ed, los ciclos vitales del cabello y aumentando la masa capilar.<\/p>\n","protected":false},"featured_media":123,"comment_status":"open","ping_status":"closed","template":"","meta":[],"product_brand":[],"product_cat":[87],"product_tag":[],"class_list":{"0":"post-124","1":"product","2":"type-product","3":"status-publish","4":"has-post-thumbnail","6":"product_cat-lociones","8":"first","9":"instock","10":"taxable","11":"shipping-taxable","12":"purchasable","13":"product-type-simple"},"_links":{"self":[{"href":"https:\/\/www.cosmetologiaas.es\/tienda\/wp-json\/wp\/v2\/product\/124","targetHints":{"allow":["GET"]}}],"collection":[{"href":"https:\/\/www.cosmetologiaas.es\/tienda\/wp-json\/wp\/v2\/product"}],"about":[{"href":"https:\/\/www.cosmetologiaas.es\/tienda\/wp-json\/wp\/v2\/types\/product"}],"replies":[{"embeddable":true,"href":"https:\/\/www.cosmetologiaas.es\/tienda\/wp-json\/wp\/v2\/comments?post=124"}],"wp:featuredmedia":[{"embeddable":true,"href":"https:\/\/www.cosmetologiaas.es\/tienda\/wp-json\/wp\/v2\/media\/123"}],"wp:attachment":[{"href":"https:\/\/www.cosmetologiaas.es\/tienda\/wp-json\/wp\/v2\/media?parent=124"}],"wp:term":[{"taxonomy":"product_brand","embeddable":true,"href":"https:\/\/www.cosmetologiaas.es\/tienda\/wp-json\/wp\/v2\/product_brand?post=124"},{"taxonomy":"product_cat","embeddable":true,"href":"https:\/\/www.cosmetologiaas.es\/tienda\/wp-json\/wp\/v2\/product_cat?post=124"},{"taxonomy":"product_tag","embeddable":true,"href":"https:\/\/www.cosmetologiaas.es\/tienda\/wp-json\/wp\/v2\/product_tag?post=124"}],"curies":[{"name":"wp","href":"https:\/\/api.w.org\/{rel}","templated":true}]}}